1444. Give u(12).
0
Let t(v) = 3*v**3 - 14*v**2 - 31*v + 112. Determine t(3).
-26
Let y(l) = l**3 + 42*l**2 - 40*l + 129. Calculate y(-43).
0
Let p(b) = 61*b - 796. What is p(13)?
-3
Let r(k) = 92*k - 80. What is r(1)?
12
Let r(t) = 3*t**3 - 58*t**2 + 72*t - 12. What is r(18)?
-12
Let x(t) = t**3 - t**2 - 37*t + 45. Determine x(-6).
15
Let i(u) = -u**2 - 37*u + 421. What is i(14)?
-293
Let t(s) = -810*s - 12155. Calculate t(-15).
-5
Let b(x) = 83*x + 27. Calculate b(-4).
-305
Let f(v) = -v**3 + 43*v**2 + 40*v + 90. What is f(44)?
-86
Let l(o) = 9*o**3 + 41*o**2 + o - 6. Determine l(-4).
70
Let q(n) = 3*n**3 + 41*n**2 - 13*n + 25. Calculate q(-14).
11
Let a(m) = -2*m**3 - 12*m**2 - 41*m - 151. What is a(-5)?
4
Let n(x) = -x**3 - 18*x**2 - 86*x - 65. Give n(-10).
-5
Let v(q) = -87*q + 169. Calculate v(6).
-353
Let l(b) = -b**2 - 1909*b + 126279. Calculate l(64).
7
Let s(a) = -a**3 + 74*a**2 + 321*a - 713. Calculate s(78).
-11
Let n(p) = -183*p**3 + 4*p**2 - 3*p + 1. Calculate n(1).
-181
Let m(r) = 1140*r + 5702. Give m(-5).
2
Let j(f) = -108*f - 3861. Calculate j(-36).
27
Let a(o) = o**2 - 9*o - 301. Determine a(24).
59
Let m(s) = 34*s**2 + 2347*s + 146. Determine m(-69).
77
Let r(g) = g**2 + 384*g + 4817. Determine r(-13).
-6
Let q(i) = -i**2 - 994*i + 3994. Give q(4).
2
Let w(c) = c**2 - 46*c + 105. What is w(28)?
-399
Let o(m) = -25*m**2 + 147*m + 21. Give o(6).
3
Let n(c) = 3287*c + 9847. Calculate n(-3).
-14
Let l(i) = -2*i**2 - 49*i + 56. Calculate l(-27).
-79
Let s(u) = u**3 + 19*u**2 + 53*u + 53. Determine s(-16).
-27
Let f(c) = -c**3 - 11*c**2 - 8*c - 10. Give f(-8).
-138
Let b(j) = 3*j**3 + 110*j**2 + 82*j + 431. Give b(-36).
71
Let m(k) = -k**2 - 46*k + 19. Give m(-46).
19
Let f(o) = 88*o + 2360. What is f(-27)?
-16
Let f(t) = 2*t - 176. Calculate f(29).
-118
Let s(x) = 2*x**2 - 27*x + 12. Calculate s(13).
-1
Let v(z) = -507*z - 1010. Give v(-2).
4
Let r(b) = 540*b - 49. Determine r(0).
-49
Let s(i) = i**3 + 14*i**2 - 37*i - 343. What is s(-15)?
-13
Let b(r) = -2*r**2 - 8*r - 7. Determine b(9).
-241
Let x(f) = 4*f**2 + 32*f - 64. Calculate x(2).
16
Let h(k) = k**2 + 43*k + 430. Determine h(-28).
10
Let j(z) = 22*z**2 - 2905*z + 152. Calculate j(132).
20
Let f(t) = t**2 - 46*t - 5905. Calculate f(-57).
-34
Let c(y) = -6*y**2 + 123*y + 7. Calculate c(19).
178
Let h(s) = -2*s - 114. Calculate h(-29).
-56
Let d(p) = p**3 + 59*p**2 + 220*p + 1. Give d(-55).
1
Let y(b) = -8*b**2 + 284*b - 51. Give y(35).
89
Let u(x) = -7014*x + 28049. Give u(4).
-7
Let x(h) = 98*h + 951. Determine x(-10).
-29
Let s(y) = -y**2 - 2*y + 1225. What is s(34)?
1
Let j(u) = 64*u**3 + 1857*u**2 + 34*u + 148. Calculate j(-29).
3
Let a(d) = d**2 + 491*d - 16202. Determine a(31).
-20
Let f(v) = -2*v**3 - 64*v**2 + 69*v + 72. Determine f(-33).
-27
Let d(z) = -2*z**2 - 16*z - 42. Determine d(-5).
-12
Let p(b) = b**3 - 17*b**2 + 161*b - 830. Give p(9).
-29
Let i(h) = -15*h + 426. Calculate i(26).
36
Let p(n) = -5*n**2 + 75*n + 9. Determine p(15).
9
Let o(q) = -2*q**3 - 14*q**2 - 29*q - 209. Give o(-7).
-6
Let l(s) = -21*s**2 + 49*s + 83. What is l(5)?
-197
Let z(x) = 129*x + 1421. What is z(-11)?
2
Let t(h) = h**3 - 43*h**2 - 553*h + 1224. Determine t(53).
5
Let r(b) = b**3 - 39*b**2 - 38*b - 73. Give r(40).
7
Let u(w) = -11*w**2 - 99*w + 3. Determine u(-9).
3
Let x(a) = 12*a - 405. What is x(20)?
-165
Let l(g) = g**2 + 37*g + 239. Determine l(-7).
29
Let f(q) = -10*q - 455. Calculate f(-29).
-165
Let v(y) = 30*y + 287. Calculate v(-10).
-13
Let b(q) = 8*q - 47. What is b(0)?
-47
Let k(m) = 47*m + 1840. What is k(-38)?
54
Let q(k) = 1184*k - 4745. Give q(4).
-9
Let w(j) = j**3 + 19*j**2 + 60*j + 29. What is w(-14)?
169
Let q(y) = 4*y**3 - 2*y**2 - 15*y - 3. Give q(-3).
-84
Let n(f) = -151*f + 1307. What is n(9)?
-52
Let v(b) = 55*b - 533. What is v(12)?
127
Let r(b) = b**2 - 64*b - 349. What is r(69)?
-4
Let x(q) = -7*q**2 + 45*q - 283. What is x(6)?
-265
Let f(b) = b**3 + 254*b**2 - 247*b + 2042. Give f(-255).
2
Let q(i) = -i**3 - 14*i**2 - 5*i - 24. Determine q(-13).
-128
Let a(j) = 9*j**2 - 349*j - 80. Determine a(39).
-2
Let k(z) = -3*z**2 - 117*z + 31. Give k(-39).
31
Let u(z) = 249*z + 43. Determine u(-1).
-206
Let v(z) = 13*z**3 + 64*z**2 - z + 26. Determine v(-5).
6
Let k(o) = 82*o - 2867. What is k(35)?
3
Let w(b) = 12*b**2 + 27*b + 9. Determine w(-2).
3
Let q(v) = -v**3 - 7*v**2 + 34*v + 39. Give q(-10).
-1
Let v(i) = 8*i + 464. Determine v(-61).
-24
Let h(d) = d**2 + d + 106. Give h(0).
106
Let d(s) = -11*s**2 - 101*s - 164. Give d(-7).
4
Let d(r) = 82*r + 85. Calculate d(-1).
3
Let k(s) = -8*s**2 - 66*s - 122. Give k(-3).
4
Let l(a) = -4*a**2 - 60*a - 62. Give l(-14).
-6
Let q(y) = 214*y - 3209. Determine q(15).
1
Let o(x) = -2*x**3 + 30*x**2 + 31*x + 27. What is o(16)?
11
Let o(f) = -f**2 + 22*f - 99. Calculate o(15).
6
Let o(j) = -14*j - 1632. Calculate o(-109).
-106
Let z(m) = -391*m - 5915. Give z(-15).
-50
Let j(r) = 2*r**3 + 12*r**2 + 10*r + 5. Determine j(-6).
-55
Let r(o) = 4302*o - 86040. Calculate r(20).
0
Let q(u) = -2*u**2 + 38*u - 102. Calculate q(14).
38
Let r(y) = 838*y - 69559. Give r(83).
-5
Let h(m) = m**3 + 31*m**2 - 57*m + 308. Determine h(-33).
11
Let j(o) = 767*o + 229. What is j(-1)?
-538
Let q(i) = 6*i**2 + 95*i + 64. Calculate q(-15).
-11
Let w(h) = -2*h**2 + 27*h + 22. Give w(16).
-58
Let n(o) = 1396*o - 1416. What is n(1)?
-20
Let j(w) = 1503*w - 9045. What is j(6)?
-27
Let a(y) = -y**3 - 53*y**2 - 52*y - 70. Calculate a(-52).
-70
Let p(k) = -7*k**3 - 13*k**2 + 2*k + 5. Give p(-3).
71
Let d(a) = -a**3 + 18*a**2 - 63*a + 23. Give d(12).
131
Let f(o) = -o**3 - 37*o**2 + 117*o - 111. Give f(-40).
9
Let q(x) = 14*x - 258. Determine q(15).
-48
Let j(c) = 4*c**3 - 19*c**2 - 8*c - 11. What is j(5)?
-26
Let p(r) = -r**3 + 20*r**2 - 83*r - 2. Determine p(14).
12
Let l(s) = -s**3 + 39*s**2 - 140*s + 5. Calculate l(35).
5
Let g(t) = 2*t - 73. Determine g(3).
-67
Let u(i) = 1080*i + 6475. Give u(-6).
-5
Let h(f) = -f**2 - 50*f - 572. What is h(-35)?
-47
Let k(g) = 9*g - 197. What is k(26)?
37
Let b(x) = 9*x**2 - 6*x - 86. Determine b(-4).
82
Let l(m) = 12*m + 354. Determine l(-29).
6
Let l(x) = -9*x**2 - 7*x + 123. Determine l(-4).
7
Let j(n) = -2*n**2 - 34*n - 48. Calculate j(-16).
-16
Let i(a) = -7*a**2 - 13*a + 10. Give i(-6).
-164
Let a(z) = -2*z**2 - 47*z + 751. Determine a(-36).
-149
Let j(l) = -l**3 - 26*l**2 - 24*l - 43. What is j(-25)?
-68
Let u(h) = 4*h**3 - 26*h**2 - 15*h + 9. Determine u(7).
2
Let v(a) = -17*a**2 + 984*a - 1. What is v(58)?
-117
Let r(m) = m**2 + m + 32. What is r(6)?
74
Let l(p) = -3*p**2 + 14*p - 52. What is l(0)?
-52
Let l(f) = -707*f + 8452. What is l(12)?
-32
Let m(i) = -125*i**2 - 1498*i + 17. Determine m(-12).
-7
Let k(s) = 646*s - 3237. Calculate k(5).
-7
Let m(t) = -2*t**2 - 105*t - 1266. Calculate m(-34).
-8
Let y(n) = 29*n - 14. Calculate y(1).
15
Let k(j) = 2*j**2 + 50*j - 125. Calculate k(-27).
-17
Let u(p) = 239*p**2 - 11*p + 11. What is u(2)?
945
Let h(j) = -619*j**3 - 6*j**2 - 9*j - 5. Determine h(-1).
617
Let f(a) = -a**3 + 4*a**2 + 367*a - 10. Calculate f(-17).
-180
Let g(f) = 321*f - 992. Determine g(6).
934
Let r(n) = 49*n**3 + 3*n**2 - 9*n + 4. Calculate r(2).
390
Let n(f) = -f**2 + 38*f + 81. What is n(38)?
81
Let s(u) = -1668*u + 13344. What is s(8)?
0
Let d(j) = -j**3 - 31*j**2 - 4*j - 1140. Calculate d(-32).
12
Let o(b) = 2*b**2 + 17*b + 15. Determine o(-1).
0
Let s(t) = t**2 - 103*t - 722. Calculate s(-7).
48
Let f(g) = -18*g - 324. Calculate f(-26).
144
Let u(y) = y**2 + 24*y - 107. Calculate u(4).
5
Let w(x) = x**2 + 40*x + 476. Calculate w(-21).
77
Let x(f) = -30*f - 124. Give x(-26).
656
Let q(y) = -117*y + 954. What is q(8)?
18
Let h(y) = -2*y**2 - 968*y + 6867. What is h(7)?
-7
Let v(r) = 15*r**2 - 35*r - 15. Calculate v(3).
15
Let a(n) = 140*n - 4. Give a(-6).
-844
Let b(l) = 1644*l - 90413. Determine b(55).
7
Let i(c) = 53*c - 310. Give i(10).
220
Let w(i) = 57*i**3 - 2*i**2 + 6. Give w(-2).
-458
Let j(l) = 18*l - 319. Give j(17).
-13
Let h(t) = 1887*t - 7549. Determine h(4).
-1
Let s(j) = -2*j**2 + 73*j - 207. Calculate s(3).
-6
Let m(c) = 25*c - 8. What is m(13)?
317
Let j(k) = -k**2 + 48*k - 546. Calculate j(18).
-6
Let g(i) = -303*i - 2094. What is g(-7)?
27
Let r(c) = -c**